12572575 and 125?
25
Calculate the highest common divisor of 22342002 and 236.
118
What is the highest common factor of 27091024 and 566?
566
What is the greatest common factor of 1209 and 37411296?
1209
Calculate the greatest common divisor of 1586 and 2333006.
1586
What is the highest common divisor of 49192338 and 52?
26
Calculate the greatest common factor of 11605 and 160715.
5
Calculate the highest common divisor of 637316 and 3396.
1132
Calculate the highest common divisor of 459232 and 3337568.
3616
Calculate the greatest common factor of 136045 and 14.
7
Calculate the highest common factor of 1854 and 6309270.
18
Calculate the greatest common factor of 25152 and 79477176.
3144
What is the greatest common factor of 2641 and 339302?
19
Calculate the greatest common factor of 2197081 and 1.
1
What is the highest common factor of 71397062 and 22?
22
What is the highest common divisor of 744459 and 19221?
129
Calculate the highest common factor of 5914647 and 117213.
1317
What is the highest common factor of 846945 and 531?
531
Calculate the highest common divisor of 26564224 and 444.
148
What is the greatest common factor of 1508 and 627640156?
1508
Calculate the greatest common factor of 225866 and 5735.
31
Calculate the greatest common factor of 32196 and 4516.
4
What is the greatest common factor of 54 and 3952242?
18
What is the highest common divisor of 3437515 and 1677157?
4379
Calculate the greatest common divisor of 2154292530 and 221.
221
Calculate the greatest common factor of 7636 and 882188.
92
Calculate the greatest common divisor of 20059193 and 1463.
1463
Calculate the highest common factor of 42964 and 34813916.
1868
What is the highest common divisor of 962 and 54746458?
962
What is the highest common divisor of 44100 and 47205?
45
What is the highest common factor of 4564756 and 112?
28
What is the highest common factor of 147254 and 5259664?
2074
Calculate the highest common divisor of 5887 and 38335535.
203
What is the greatest common factor of 1313995 and 19511?
109
Calculate the greatest common divisor of 5680948 and 19656.
364
What is the greatest common factor of 12010150 and 150?
50
What is the highest common factor of 80109 and 49708?
43
What is the highest common factor of 537 and 1165165058?
179
Calculate the highest common factor of 1053 and 118639404.
1053
Calculate the highest common factor of 360 and 42493740.
60
What is the greatest common factor of 15 and 37657?
1
Calculate the highest common factor of 28006979 and 343.
343
Calculate the greatest common factor of 4432 and 166127149.
277
What is the highest common divisor of 560 and 295699880?
280
What is the highest common divisor of 226 and 61634042?
226
What is the highest common factor of 35 and 5726315?
35
What is the highest common divisor of 142324 and 370396?
884
What is the greatest common factor of 4 and 14127236?
4
What is the highest common factor of 2155562 and 122?
2
Calculate the highest common factor of 107688 and 33600.
168
Calculate the highest common factor of 4732848 and 144.
144
What is the highest common factor of 998160230 and 30630?
10210
Calculate the highest common factor of 14905446 and 6.
6
Calculate the highest common factor of 483 and 661503.
69
Calculate the highest common factor of 317766 and 32881.
251
What is the highest common divisor of 1024 and 1433212?
4
Calculate the highest common factor of 263338 and 22380.
746
What is the greatest common divisor of 25225800 and 2200?
200
What is the greatest common factor of 76534777 and 2519?
2519
What is the highest common divisor of 50232420 and 45895?
685
Calculate the highest common factor of 7614 and 3236598.
162
Calculate the highest common divisor of 48965 and 68110.
35
What is the highest common factor of 24682 and 15723582?
574
Calculate the greatest common divisor of 191970 and 62208.
486
Calculate the greatest common divisor of 5032 and 35442263.
629
What is the greatest common divisor of 31 and 21545527?
31
What is the highest common factor of 115200 and 693900?
900
What is the greatest common divisor of 208753 and 8531?
19
What is the highest common factor of 130196288 and 40?
8
Calculate the highest common divisor of 18976 and 505003544.
4744
Calculate the highest common factor of 72576 and 41124672.
5184
Calculate the highest common divisor of 16038 and 22545.
27
What is the highest common divisor of 332866 and 2104428?
2234
What is the greatest common factor of 172138753 and 34?
17
What is the greatest common factor of 244230 and 945?
105
Calculate the highest common factor of 499380 and 394023.
609
What is the greatest common divisor of 284998524 and 12?
12
Calculate the greatest common factor of 189337694 and 116.
58
What is the greatest common divisor of 191492 and 1053892?
196
What is the greatest common factor of 150 and 1491650?
50
What is the greatest common factor of 55 and 1744930?
55
What is the greatest common factor of 464 and 10683484?
116
What is the highest common factor of 2706 and 654?
6
What is the greatest common divisor of 994323 and 145?
29
What is the highest common factor of 29965 and 250669211?
5993
What is the greatest common divisor of 170 and 209498390?
10
What is the highest common divisor of 1026045 and 45?
45
What is the greatest common factor of 11965 and 4142283?
2393
Calculate the highest common divisor of 312 and 1165752.
24
What is the highest common factor of 143529836 and 16?
4
Calculate the highest common factor of 18 and 620280414.
18
What is the greatest common factor of 274 and 17904119?
137
What is the highest common divisor of 2486235 and 3585?
15
What is the highest common factor of 2285437 and 201201?
5159
What is the greatest common divisor of 430036 and 12?
4
What is the greatest common factor of 123052 and 332?
4
Calculate the highest common divisor of 16744 and 41821.
13
What is the greatest common factor of 185807 and 138663?
71
What is the highest common factor of 86 and 219249647?
43
What is the greatest common divisor of 1751951 and 35847?
569
What is the highest common factor of 25696627 and 454?
227
What is the highest common factor of 7002 and 188020038?
2334
What is the highest common factor of 696 and 207144?
24
What is the greatest common divisor of 2 and 4211626?
2
Calculate the highest common factor of 11008615 and 5.
5
Calculate the greatest common divisor of 174 and 1022136378.
174
What is the highest common divisor of 1262758101 and 33?
33
Calculate the highest common factor of 235 and 7580724.
47
Calculate the greatest common divisor of 10304 and 206928.
16
Calculate the greatest common divisor of 13175 and 8384570.
2635
Calculate the greatest common factor of 171369 and 38544.
33
Calculate the greatest common divisor of 399 and 527307.
57
Calculate the highest common factor of 3464559 and 4914.
189
What is the greatest common divisor of 22520511 and 18603?
351
What is the highest common factor of 4365 and 69555?
15
What is the highest common factor of 996833263 and 419?
419
What is the highest common factor of 7374387 and 2265?
453
Calculate the highest common divisor of 1650616 and 704.
88
Calculate the highest common factor of 13644330 and 2064.
258
Calculate the highest common factor of 19179624 and 64.
8
What is the highest common divisor of 77181 and 65715?
39
What is the highest common factor of 28574574 and 42?
42
What is the highest common divisor of 16933 and 257726?
287
Calculate the highest common factor of 37136 and 20357491.
2321
Calculate the highest common factor of 2994 and 119421678.
2994
What is the greatest common divisor of 24447554 and 1168?
146
Calculate the greatest common factor of 75 and 10514325.
75
What is the highest common factor of 4407585 and 12285?
1365
What is the highest common factor of 3609 and 57361045?
401
Calculate the greatest common divisor of 67515 and 171780.
105
What is the greatest common factor of 21800 and 859250?
50
What is the highest common divisor of 459 and 2314737?
459
What is the highest common factor of 930 and 231694?
62
What is the highest common divisor of 25230 and 750?
30
Calculate the greatest common divisor of 226768 and 62736.
16
Calculate the greatest common factor of 4076 and 3538987.
1019
What is the greatest common factor of 1818